12 - 37) + (-6 - -6) + 3?
-22
Calculate (4 - 10) + -3 + (-4 + -1 - -53).
39
What is (9 - 37) + 2 + 14?
-12
Evaluate -1 - (1 + 13 + -1 + 18 + -24).
-8
Evaluate -3 + 19 - 4 - 13.
-1
What is the value of -2 + -9 + (8 - -1) + (-10 - -8)?
-4
Calculate (0 + 15 - 7) + -23 + 7.
-8
What is (11 - (5 + 3 + -1)) + -12?
-8
-1 + (-3 - -3) + -5 + -6 + 4
-8
What is 3 + 3 + 5 - 11 - (1 + -18)?
17
What is the value of -245 + 243 - (-3 + 3 - (1 + 0))?
-1
(-3 - 9 - (-11 + 69 - 22)) + 12
-36
Calculate -9 - (4 + (3 - (0 - 1))).
-17
Calculate ((7 - 2) + -8 - -3 - 7) + -4.
-11
-2 + 0 + 3 + (-1 - 3) + 9
6
Evaluate -10 - (1 - 24) - 21.
-8
Evaluate 16 - ((1 - -11) + -3).
7
Evaluate -3 + 1 + -3 - (-21 + 29).
-13
Evaluate 1 + 4 - (-70 + 83).
-8
(2 - (25 - 14)) + 9 + -1
-1
Calculate 4 + 0 - ((0 - 16) + 14).
6
-8 + (4 + -3 + 4 - (-13 + 20))
-10
Evaluate 1 - (21 + -16) - (-2 + -17).
15
What is -3 + (12 + -4 - 3)?
2
Evaluate -14 + 6 + (19 - -2) + -6 + -38.
-31
What is 25 + (11 - 20) + -1?
15
What is -34 - (24 + -39) - 10?
-29
What is the value of 10 - (11 + (19 - (-8 + 38)))?
10
What is the value of (-11 - -17) + 6 - (4 - -10)?
-2
Evaluate 10 + 0 - (107 - 100) - -19.
22
What is -30 + -5 + 16 - (0 + -2)?
-17
-14 - ((4 - -20) + -30)
-8
Calculate 8 + 3 + 15 + 4.
30
What is the value of 11 + -1 - (-178 + 219)?
-31
Calculate 6 + (10 - 7) + 6.
15
What is (8 - 10 - (21 + 1)) + (-26 - -34)?
-16
What is the value of (-41 - -25) + -17 + 29?
-4
What is (-41 - -53) + -15 - (-38 + 2 + -2)?
35
Evaluate 12 - ((15 - 26) + (5 - (-6 + 4))).
16
What is the value of 26 - (8 - (12 - 8) - -8)?
14
Evaluate -7 + -13 + -10 + 28.
-2
What is the value of -12 + (5 - (2 + 0 + -2))?
-7
Calculate 9 - (33 + -13 + 3) - -10.
-4
What is 11 - (34 - 15) - (14 + -3)?
-19
Evaluate -2 - -15 - 3 - 19.
-9
What is the value of 15 - (7 + 11 - 16)?
13
What is the value of 9 - (-11 - -12) - (1 - -8) - -2?
1
Calculate (2 - 36) + 18 + 5 + -13.
-24
-20 - (-1 - (22 + -11))
-8
Evaluate -41 - -50 - (-17 + 6).
20
Evaluate 14 + -2 - (19 + -12).
5
Calculate -8 - (-23 + 51 - 50).
14
Evaluate -3 + (-17 - (1 - 24)).
3
Evaluate 21 - (1 - ((4 - -4) + -16)).
12
Calculate 497 + -501 + -12 + 1.
-15
What is the value of -14 - (12 + -4 - (27 - 16))?
-11
Calculate 9 - (0 + 8 + -15).
16
Evaluate 213 + -261 + (27 - -1).
-20
Calculate 10 + 8 + (-8 - 2).
8
What is (20 - (-11 + 31)) + -4?
-4
Calculate 6 + (-6 + (7 - 0) - 1) - 9.
-3
What is 12 + -1 + (-7 - -23 - -4) + -13?
18
Evaluate 15 + -11 + -17 - -17.
4
Calculate -3 - (19 + (9 - 18)) - (3 + -8).
-8
Calculate -13 + 11 + 9 - -5.
12
What is the value of 3 + (4 - (-8 + 13 + 1 - 17))?
18
What is -14 - ((28 - 14) + -33)?
5
Evaluate -1 - -1 - (-56 - -62).
-6
28 + (26 - 49) + -5 + -30
-30
(-5 - 6) + (9 - (9 - 1))
-10
Calculate -3 + -6 - (-19 - (2 + 16 + -30)).
-2
What is the value of -7 + -1 + (-10 - (-3 - 2 - 0))?
-13
8 - ((-5 - (0 + -5)) + -3 + 1)
10
What is the value of (5 - -39) + (0 + 0 - (-171 + 176))?
39
What is 95 + -78 - (1 + -2 + -4)?
22
Calculate -1 + -9 + 1 + 54 + -54 + 1.
-8
Evaluate -1 + -2 + (-8 - (-28 + 0) - 5).
12
-10 + -1 + -17 + 36
8
Calculate -12 + 43 + -43 - (-1 + -23).
12
What is the value of (1 + -1 - -4) + -24 + 13?
-7
What is (1 - (11 - 0)) + -67 + -16 + 73?
-20
Evaluate -107 - -98 - (3 + 0 + -24).
12
Evaluate -274 + 303 + 0 + -13.
16
Calculate 10 - ((-15 - -5 - 1) + 8).
13
What is -4 + -3 + (1 - 0) - 4?
-10
What is the value of -10 - (21 + 0 + -19)?
-12
Calculate (631 - 613) + -1 + 12.
29
Evaluate -25 + 31 + 8 - 32.
-18
Evaluate (-6 - (12 - 21)) + 2.
5
0 - (11 - 17) - 28
-22
What is the value of 583 - 569 - (-1 + 6 + 1)?
8
14 + (-1 - -1 - -5 - 11)
8
Evaluate -6 + 41 + (7 - 32).
10
Calculate 15 + -8 - (-5 - (-51 - (-10 + 2))).
-31
-22 + (-1 - -10) + (91 - 100) + 2
-20
What is the value of -7 + (0 - -12 - -2) - 9 - 13?
-15
Calculate 9 + (-8 - (0 + 10 + -27)) - 8.
10
What is the value of -10 - ((-83 - -66) + 12 + -2)?
-3
Calculate (17 + -24 - -17) + (-2 - -4 - 43).
-31
What is the value of -3 - (-3 - -4) - -12 - 18 - -7?
-3
What is the value of -1 + (8 - (0 + 5 - (-3 - -3)))?
2
What is the value of 2 + -12 - -6 - (-13 - (5 + -11))?
3
Calculate 15 + -30 - -30 - 20.
-5
What is 476 + -504 + 0 + 18?
-10
(-5 - -8) + 5 - 8 - 16
-16
-7 - ((-45 - -16) + 8)
14
What is (-28 - -22) + (-4 + 2 - -7)?
-1
Evaluate 9 + 15 + -5 - 31.
-12
What is the value of -15 + -10 + 42 + -8?
9
(-18 - 13) + (90 - 32)
27
What is the value of -14 + 6 - (21 - 18)?
-11
(-4 - -3 - -20) + -5
14
(-5 - (4 + -22 + 4)) + -9 - -1
1
Evaluate 23 + (-27 - -22) + -32.
-14
(-5 - 0 - -1 - (418 - 418)) + -6
-10
What is the value of 9 - (-11 + 5 + -21 + 59)?
-23
Calculate -11 - (14 + (4 - 11)) - -10.
-8
Evaluate (35 - (18 + -12)) + -6 + -10.
13
What is 1 + -9 + (4 + 1 - -3)?
0
(3 - 3) + -5 + (241 - 218)
18
Evaluate -33 + 44 - (-26 - -15).
22
Evaluate 5 + -6 + (-4 - -7) - (11 + -8).
-1
Calculate 17 + -2 - (-4 - (0 + -1 - 8)).
10
Calculate (-18 - 0) + (23 - (-16 - -34)).
-13
Calculate (16 - (17 - (13 + -18))) + 13.
7
Calculate -11 + 7 + 9 + -12.
-7
What is the value of 9 + (-1 - -3) + -1211 + 1213?
13
-1 - 7 - (-30 - ((-4 - 0) + -1))
17
What is -3 - (-42 + 52 + (-5 - -2))?
-10
Calculate 3 + 7 + -21 + -2 + -12.
-25
Evaluate -1 + 5 + -6 + 2 + 4 - -1.
5
Evaluate -14 + 7 - -5 - -3 - 4 - -25.
22
What is 7 + (39 - 52 - ((-2 - -5) + -1))?
-8
Evaluate -16 - (10 + 15 + -14 + -15).
-12
Calculate (2 - 2) + (-17 + (1 - -7) - 6).
-15
Calculate -2 - -19 - (-351 + 364).
4
Calculate 468 - 443 - (2 - 6).
29
What is 0 + (0 - 26) + 60 + (70 - 127)?
-23
Evaluate 5 + 14 + 7 + (-33 - -15).
8
What is 25 + -1 + (1589 - 1595)?
18
Calculate (11 - (4 - 10)) + -8 - (-5 - -5).
9
What is 19 - (8 + -7 + 1)?
17
Evaluate (-14 - -43) + -31 - 5.
-7
Evaluate 5 - (-5 + -32) - 21.
21
What is the value of (24 - 38) + 15 + (-33 - 1) - -4?
-29
5 - ((-4 - -23 - 10) + -32)
28
Evaluate -43 + (27 - (32 + -56)).
8
-2 - -18 - (9 - ((1 - -1) + 9))
18
What is the value of -19 + 6 + -4 + 24?
7
What is the value of -1 + 12 + (-118 - -116) - -1?
10
(-3 + 0 - -18) + (-6 - -1)
10
Calculate (-18 - -2) + (-3 - (-27 + 34)).
-26
Calculate (-24 - -55 - 37) + 0 + 0.
-6
-8 - (23 + (-22 - 9))
0
-9 - (-46 + 46 + 1 + -3)
-7
3 - (37 - (34 - 28))
-28
Evaluate (-2 - (3 + -9)) + 10 + -27 + 21.
8
Evaluate 4 - 11 - (9 - 21).
5
(-24 - -24) + 24 + -29
-5
What is the value of -12 + -31 + -5 + 32?
-16
20 + -64 + 23 - -17
-4
What is (-1 - ((6 - 3) + -2)) + 149 + -138?
9
What is -3 + 11 + -3 - (-22 - -19) - 4?
4
Evaluate 0 + -3 + (8 - 0) - -4.
9
Evaluate (0 - -4 - 22) + -10 + 15.
-13
Calculate 25 + (8 - 15 - 11).
7
What is the value of (1 + -7 - (-13 - (-13 + -8))) + -11?
-25
72 + -59 - (1 + 2 + 2 - 3)
11
Calculate 28 + (-52 - -21) - (-5 - 0).
2
Calculate 12 + (4 - 28 - (-6 - 10)).
4
What is 0 + -10 + (74 - 89) + (0 - -12)?
-13
(-9 - (-25 + 14)) + 1 + -28
-25
0 + -18 - (-4 - (16 + -12 + -2))
-12
What is (-1 + -1 - 2) + (109 - 109)?
-4
What is the value of -512 + 515 + 0 + (-1 - -1)?
3
What is 8 - 1 - (7 + (-20 - (6 - 14)))?
12
What is the value of (10 - (8 - -7) - (1 + -6)) + 25?
25
What is the value of (-9 - (2 + -1)) + (6 - 1)?
-5
What is 1 - (-4 - -11) - (-19 - -22)?
-9
Evaluate -2 - (-17 - (-3 + 1)).
13
Calculate (3 - 1 - -26) + (-9 - -8) + -7.
20
What is the value of 0 + -4 + (7 - 4) + 5 + -9?
-5
(0 - ((-3 - -3) + 8 + -2)) + 1
-5
Evaluate 0 + (0 - (8 + -2)) - (4 + 0).
-10
-8 + (20 - ((-5 - -7) + 2))
8
-13 - (-26 + 18) - 21
-26
Evaluate 12 - (-14 - (-22 + -6)).
-2
What is the value of 42 - (-10 - -2) - (-23 + 37)?
36
Calculate -8 - -2 - (13 - 43 - -10).
14
What is the value of 4 + 0 + (-44 - -49) + -9 + -2?
-2
Calculate -7 - (-1 + 15 + -8).
-13
Calculate 16 - 0 - (89 - 70).
-3
What is the value of -8 + (19 - 26 - -6)?
-9
11 + -16 + (-6 - -10) + 16
15
What is -2 + -3 - (13 + -9 - 12 - 22)?
25
-28 + 30 + -3 + -12
-13
(0 - -10) + (77 - 75)
12
What is the value of 4 - (26 + -63) - (16 + -1)?
26
7 + -1 + -2 + (-61 - -52) - 2
-7
1 + 4 + 11 + (-5 - (8 + -3))
6
(-20 - -19) + 0 + 0
-1
What is -24 - ((-11 - 5) + 16)?
-24
Calculate (3 - (17 + -16)) + -9.
-7
2 + 0 + 15 + -19
-2
Calculate -27 - ((10 - 27) + 7).
-17
-12 - (-2 - 3) - (23 + -33 + 17)
-14
Evaluate (8 - (4 + 8) - -14) + 8.
18
What is the value of 30 - 12 - 8 - ((-1 - -4) + -1)?
8
What is 2 - (-21 + 17 - -15)?
-9
What is (93 - 7 - 37) + -28?
21
